{"id":32,"date":"2015-06-30T17:23:01","date_gmt":"2015-06-30T15:23:01","guid":{"rendered":"http:\/\/kvg-dorsten.de\/wp2\/?page_id=32"},"modified":"2025-09-04T18:20:21","modified_gmt":"2025-09-04T16:20:21","slug":"foerderverein-allg-info","status":"publish","type":"page","link":"https:\/\/kvg-dorsten.de\/?page_id=32","title":{"rendered":"F\u00d6RDERVEREIN (ALLG. INFO)"},"content":{"rendered":"<header class=\"entry-header\">\n<h1 class=\"entry-title\"><\/h1>\n<\/header>\n<div class=\"entry-content\">\n<table frame=\"box\" align=\"left\">\n<tbody>\n<tr>\n<td><strong>Wichtige Vordrucke und Informationen:<\/strong><\/p>\n<ul>\n<li><strong>Beitrittserkl\u00e4rung zum F\u00f6rderverein<\/strong><\/li>\n<li><strong>Anmeldung zum B\u00fcrgerbus<br \/>\nDer Fahrplan zum neuen Schuljahr wird rechtzeitig bekanntgegeben.\u00a0<\/strong><\/li>\n<\/ul>\n<p>Die Anmeldung f\u00fcr den B\u00fcrgerbus gilt nur f\u00fcr ein Schuljahr.<\/p>\n<p>Schuljahre beginnen am 1. August und enden am 31. Juli des Folgejahres.<\/p>\n<p>Kontakt-E-Mail-Adresse f\u00fcr den Kleidermarkt:<br \/>\n<a href=\"mailto:kleidermarkt-altendorf@web.de\">kleidermarkt-altendorf@web.de<\/a><\/td>\n<\/tr>\n<\/tbody>\n<\/table>\n<p>&nbsp;<\/p>\n<p><strong>Der F\u00f6rderverein<\/strong><\/p>\n<p>Der aktuelle Vorstand des F\u00f6rdervereins des Teilstandortes Altendorf-Ulfkotte besteht zur Zeit &#8211; Stand August 2025 &#8211; aus folgenden Personen:<\/p>\n<ul>\n<li>Veronika Czorny<\/li>\n<li>Susanne Kratz<\/li>\n<li>Michael Gievert<\/li>\n<li>Tobias Bozdech<\/li>\n<li>Sarah St\u00fcer<\/li>\n<\/ul>\n<p><strong>Per E-Mail erreichen Sie den Vorstand des F\u00f6rdervereins\u00a0 unter<\/strong><br \/>\n<strong><a href=\"mailto:fv@kvg-dorsten.de\">fv@kvg-dorsten.de<\/a> oder<\/strong><br \/>\n<strong><a href=\"mailto:fv@kvg-altendorf-ulfkotte.de\">fv@kvg-altendorf-ulfkotte.de<\/a><\/strong><\/p>\n<hr \/>\n<p><strong>Geschichte des F\u00f6rdervereins der KvG<\/strong><\/p>\n<p>Die guten Erfahrungen mit dem F\u00f6rderverein an der Pestalozzischule bewogen den Schulleiter Herbert Rentmeister, auch an der Kardinal-von-Galen-Schule einen solchen Verein zu initiieren.<\/p>\n<p>Am 14. November 2002 trafen sich die damalige Schulpflegschaftsvorsitzende Angelika Berning, deren Vertreterin Britta Nowak, der stv. Schulleiter Walter K\u00f6ster und Schulleiter Herbert Rentmeister, um eine Satzung zu beraten. Die juristischen Kenntnisse der Frau Richterin Nowak waren eine gro\u00dfe Hilfe. Nach dieser H\u00fcrde galt es, Interessenten f\u00fcr die Vorstandsarbeit zu gewinnen. Dies \u00fcbernahmen die beiden Damen. So wurde am 30. Januar 2003 der F\u00f6rderverein in den R\u00e4umen des Pfarrheimes Hl. Kreuz gegr\u00fcndet.<\/p>\n<p>F\u00fcr die Arbeit in Zeiten leerer Kassen der \u00f6ffentlichen Haushalte ist ein F\u00f6rderverein f\u00fcr eine Schule unerl\u00e4sslich. Unser F\u00f6rderverein zeichnet sich zus\u00e4tzlich zu der finanziellen Unterst\u00fctzung noch durch sein Dasein als Motor f\u00fcr das Schulleben aus.<\/p>\n<p>Kollegium \u2013 Schulpflegschaft \u2013 F\u00f6rderverein sind die drei Standbeine unseres reichhaltigen Schullebens!<\/p>\n<p>In der Satzung werden die Hauptaufgaben des F\u00f6rdervereines folgenderma\u00dfen benannt:<\/p>\n<ul>\n<li>Anschaffung von Unterrichtsmaterial, f\u00fcr die der Schule keine Haushaltsmittel zur Verf\u00fcgung stehen<\/li>\n<li>F\u00f6rderung schulischer Veranstaltungen und Einrichtungen<\/li>\n<li>Unterst\u00fctzung bed\u00fcrftiger Sch\u00fclerinnen und Sch\u00fcler<\/li>\n<li>F\u00f6rderung der Elternarbeit auf dem Gebiet des Schulwesens<\/li>\n<li>Pflege der Beziehung zum Schultr\u00e4ger, zur Schulaufsicht und die Vertretung der Interessen der Schule in der \u00d6ffentlichkeit<\/li>\n<\/ul>\n<p>Konkret bedeutet dies, dass der F\u00f6rderverein in den Jahren seines Bestehens folgende Investitionen in die Schule get\u00e4tigt hat:<\/p>\n<ul>\n<li>Einrichtung und Unterhaltung der \u00dcbermittagsbetreuung von 11:45 Uhr bis 15:00 Uhr (bis Ende Schuljahr 2016\/17)<\/li>\n<li>\u00dcbergabe von Spielkisten f\u00fcr die Klassen<\/li>\n<li>Kauf der Gardinen f\u00fcr die Klassen<\/li>\n<li>Unterst\u00fctzung der Klassen- und Schulbibliothek<\/li>\n<li>finanzielle F\u00f6rderung der Projektwochen<\/li>\n<li>F\u00f6rderung des Zirkus-Projektes<\/li>\n<li>Kauf von T-Shirts f\u00fcr das Zirkusprojekt mit Kostenbeteiligung der Eltern<\/li>\n<li>Kauf von mobilen Spielger\u00e4ten<\/li>\n<li>Anschaffung und Aufbau eines Spielger\u00e4tes mit Rutsche<\/li>\n<li>Einrichtung des Schulgartens<\/li>\n<li>Kauf und Aufbau des gro\u00dfen Spielger\u00e4tes und des Sonnensegels auf dem neuen Schulhof<\/li>\n<li>Umgestaltung des mittleren Schulhofbereiches in Kooperation mit der Stadt Dorsten<\/li>\n<li>Anschaffung und Installation eines \u201cWhiteboards\u201d, einer \u2018elektronischen Tafel\u2019 (der ersten an Dorstener Grundschulen!)<\/li>\n<li>Organisation rund um den B\u00fcrgerbus<\/li>\n<li>viele kleine Dinge mehr\u2026<\/li>\n<\/ul>\n<p>Erm\u00f6glicht wurde das Ganze durch Mitgliedsbeitr\u00e4ge und durch Einzelspenden, aber auch durch Zusammenarbeit mit den Vereinen, Verb\u00e4nden und Parteien, die in unserem Ortsteil t\u00e4tig sind. H\u00f6hepunkte dieser Zusammenarbeit sind bisher die Italienische Nacht beim Circusprojekt, das Winterm\u00e4rchen, die Theatervorf\u00fchrungen der Laienspielgruppe Polsum, die Kulturabende mit den Bullem\u00e4nnern oder Lioba Albus, die Unterst\u00fctzung bei den Doppelkopfturnieren und dem Firmenjubil\u00e4um von Willi Balster, die Martinsz\u00fcge, Kinderkleiderm\u00e4rkte, Pfarrfeste und vieles andere mehr. In den T\u00e4tigkeiten des F\u00f6rdervereines b\u00fcndelt sich die Identifikation der Bewohner des Ortsteiles mit \u201eihrer\u201c Schule!<\/p>\n<p>Einen wahren Kraftakt hat der F\u00f6rderverein jedoch bei dem bisher gr\u00f6\u00dften Projekt gezeigt:<\/p>\n<p><img loading=\"lazy\" decoding=\"async\" src=\"http:\/\/www.kvg-dorsten.de\/files\/kvg\/schulhof-neu.jpg\" alt=\"\" width=\"797\" height=\"600\" \/>Der Schulhofumbau im Jahr 2006<\/p>\n<p style=\"text-align: left;\" align=\"center\">Er w\u00e4re ohne den F\u00f6rderverein nicht m\u00f6glich gewesen. Gegen viele Widerst\u00e4nde blieb der Vorstand hart in der Umsetzung des Projektes, es wurde viel beraten, Geld gesammelt und gearbeitet. Letztlich gelang es dem Verein, das Projekt in Zusammenarbeit mit der Stadt Dorsten umzusetzen. Die Kosten wurden zum Gro\u00dfteil durch Aktionen und Initiativen des F\u00f6rdervereins aufgebracht, die Anschaffung des neuen Spielger\u00e4tes und des Sonnensegels zu 100 %!<\/p>\n<p>Die Stadt Dorsten sch\u00e4tzt den Wert des Schulhofes nun auf 148 500 \u20ac, wobei 2\/3 der Kosten durch \u201eman-power\u201c erbracht wurden.<\/p>\n<p>U.a. der finanziellen Beteiligung des F\u00f6rdervereins (daneben der der Eltern und der Stadt Dorsten) ist es auch zu verdanken, dass nach der Einstellung des Schulbusverkehrs durch die Stadt Dorsten ein \u201a<a href=\"http:\/\/www.kvg-altendorf-ulfkotte.de\/buergerbus.html\" target=\"_blank\" rel=\"noopener noreferrer\">B\u00fcrgerbus\u2018<\/a>\u00a0Kindern aus T\u00f6nsholt, dem Stadtsfeld und den fernab von Haltestellen des \u00d6ffentlichen Nahverkehrs liegenden Bereichen des Ortsteils Altendorf-Ulfkotte einen sicheren Weg zum Busbahnhof (Sek I und II) und zu unserer Schule erm\u00f6glicht.<\/p>\n<p>Sollte Ihnen beim Lesen auffallen, dass Sie noch nicht Mitglied im F\u00f6rderverein sind, so f\u00fcllen Sie doch bitte die Beitrittserkl\u00e4rung aus. Der Mindestbeitrag liegt bei nur 12 \u20ac im Jahr. Hier k\u00f6nnen Sie eine Beitrittserkl\u00e4rung als <a href=\"http:\/\/www.kvg-altendorf-ulfkotte.de\/files\/kvg\/Foerderverein\/Beitrittserklaerung.pdf\" target=\"_blank\" rel=\"noopener noreferrer\">PDF-Datei herunterladen<\/a>.<\/p>\n<p>Unsere Kinder werden es Ihnen danken!<\/p>\n<\/div>\n","protected":false},"excerpt":{"rendered":"<p>Wichtige Vordrucke und Informationen: Beitrittserkl\u00e4rung zum F\u00f6rderverein Anmeldung zum B\u00fcrgerbus Der Fahrplan zum neuen Schuljahr wird rechtzeitig bekanntgegeben.\u00a0 Die Anmeldung f\u00fcr den B\u00fcrgerbus gilt nur f\u00fcr ein Schuljahr. Schuljahre beginnen am 1. August und enden am 31. Juli des Folgejahres. Kontakt-E-Mail-Adresse f\u00fcr den Kleidermarkt: kleidermarkt-altendorf@web.de &nbsp; Der F\u00f6rderverein Der aktuelle Vorstand des F\u00f6rdervereins des Teilstandortes &hellip; <a href=\"https:\/\/kvg-dorsten.de\/?page_id=32\" class=\"more-link\"><span class=\"screen-reader-text\">F\u00d6RDERVEREIN (ALLG. INFO)<\/span> weiterlesen <span class=\"meta-nav\">&rarr;<\/span><\/a><\/p>\n","protected":false},"author":1,"featured_media":0,"parent":0,"menu_order":35,"comment_status":"open","ping_status":"open","template":"","meta":{"footnotes":""},"class_list":["post-32","page","type-page","status-publish","hentry"],"_links":{"self":[{"href":"https:\/\/kvg-dorsten.de\/index.php?rest_route=\/wp\/v2\/pages\/32","targetHints":{"allow":["GET"]}}],"collection":[{"href":"https:\/\/kvg-dorsten.de\/index.php?rest_route=\/wp\/v2\/pages"}],"about":[{"href":"https:\/\/kvg-dorsten.de\/index.php?rest_route=\/wp\/v2\/types\/page"}],"author":[{"embeddable":true,"href":"https:\/\/kvg-dorsten.de\/index.php?rest_route=\/wp\/v2\/users\/1"}],"replies":[{"embeddable":true,"href":"https:\/\/kvg-dorsten.de\/index.php?rest_route=%2Fwp%2Fv2%2Fcomments&post=32"}],"version-history":[{"count":26,"href":"https:\/\/kvg-dorsten.de\/index.php?rest_route=\/wp\/v2\/pages\/32\/revisions"}],"predecessor-version":[{"id":3036,"href":"https:\/\/kvg-dorsten.de\/index.php?rest_route=\/wp\/v2\/pages\/32\/revisions\/3036"}],"wp:attachment":[{"href":"https:\/\/kvg-dorsten.de\/index.php?rest_route=%2Fwp%2Fv2%2Fmedia&parent=32"}],"curies":[{"name":"wp","href":"https:\/\/api.w.org\/{rel}","templated":true}]}}