{"id":39,"date":"2015-06-30T17:37:24","date_gmt":"2015-06-30T15:37:24","guid":{"rendered":"http:\/\/kvg-dorsten.de\/wp2\/?page_id=39"},"modified":"2016-10-24T17:49:21","modified_gmt":"2016-10-24T15:49:21","slug":"unser-namensgeber","status":"publish","type":"page","link":"https:\/\/kvg-dorsten.de\/?page_id=39","title":{"rendered":"Unser Namensgeber"},"content":{"rendered":"<p><strong>Unser Namensgeber: Kardinal von Galen<br \/>\nClemens August Graf von Galen<\/strong><\/p>\n<p><a href=\"http:\/\/kvg-dorsten.de\/wp2\/wp-content\/uploads\/2015\/06\/466px-CAvGalenBAMS200612.jpg\"><img loading=\"lazy\" decoding=\"async\" class=\"size-full wp-image-409 alignright\" src=\"http:\/\/kvg-dorsten.de\/wp2\/wp-content\/uploads\/2015\/06\/466px-CAvGalenBAMS200612.jpg\" alt=\"466px-CAvGalenBAMS200612\" width=\"466\" height=\"599\" srcset=\"https:\/\/kvg-dorsten.de\/wp2\/wp-content\/uploads\/2015\/06\/466px-CAvGalenBAMS200612.jpg 466w, https:\/\/kvg-dorsten.de\/wp2\/wp-content\/uploads\/2015\/06\/466px-CAvGalenBAMS200612-233x300.jpg 233w\" sizes=\"auto, (max-width: 466px) 100vw, 466px\" \/><\/a><\/p>\n<p>&nbsp;<\/p>\n<p>Am 16. M\u00e4rz 1878 wird Clemens August Graf von Galen auf der Burg Dinklage im heutigen Oldenburg geboren. Nach Gymnasialzeit und Studium wird er 1904 zum Priester geweiht und 1933 zum Bischof von M\u00fcnster ernannt.<br \/>\nAls Wappenspruch und Leitfaden seines bisch\u00f6flichen Wirkens w\u00e4hlt er \u201eNec laudibus nec timore\u201c \u2013 \u201eNicht Menschenlob, nicht Menschenfurcht soll uns bewegen\u201c (eigene \u00dcbersetzung von Galens).<\/p>\n<p><a href=\"http:\/\/kvg-dorsten.de\/wp2\/wp-content\/uploads\/2015\/06\/656px-Blason_Cardinal_von_Galen.png\"><img loading=\"lazy\" decoding=\"async\" class=\"aligncenter wp-image-410 size-medium\" src=\"http:\/\/kvg-dorsten.de\/wp2\/wp-content\/uploads\/2015\/06\/656px-Blason_Cardinal_von_Galen-300x274.png\" alt=\"656px-Blason_Cardinal_von_Galen\" width=\"300\" height=\"274\" srcset=\"https:\/\/kvg-dorsten.de\/wp2\/wp-content\/uploads\/2015\/06\/656px-Blason_Cardinal_von_Galen-300x274.png 300w, https:\/\/kvg-dorsten.de\/wp2\/wp-content\/uploads\/2015\/06\/656px-Blason_Cardinal_von_Galen.png 656w\" sizes=\"auto, (max-width: 300px) 100vw, 300px\" \/><\/a><\/p>\n<p>Bereits 1934 setzt sich Bischof von Galen in Predigten und Hirtenbriefen kritisch mit der Rassenlehre der Nazis auseinander. Er bringt den Mut auf, die Autorit\u00e4t seines Amtes zum Kampf gegen das Unrecht zu nutzen.<br \/>\nDiese unabh\u00e4ngige und gewissensbetonte Haltung hat f\u00fcr den \u201eL\u00f6wen von M\u00fcnster\u201c, wie man ihn bald nennt, oftmals lebensgef\u00e4hrliche Konsequenzen. Trotzdem verurteilt er 1941 in drei Predigten mutig und \u00f6ffentlich die Ermordung von Geisteskranken (Euthanasie) durch die \u201enationalsozialistischen Machthaber\u201c. Allein seine Beliebtheit in der Bev\u00f6lkerung und seine enge Verbundenheit mit anderen deutschen Bisch\u00f6fen verhinderten seine Verhaftung. Joseph Goebbels sprach sich daf\u00fcr aus, keine katholischen M\u00e4rtyrer w\u00e4hrend des Krieges zu schaffen und die Beseitigung von Galens auf die Zeit \u201enach dem Endsieg\u201c zu verschieben, da er Unruhen im M\u00fcnsterland bef\u00fcrchtete.<\/p>\n<p>Im Februar 1946 wird Bischof von Galen zum Kardinal erhoben. Doch schon zwei Monate sp\u00e4ter, am 19. April 1946, stirbt Clemens August Kardinal von Galen nach kurzer Krankheit. 2005 wird er seliggesprochen.<\/p>\n<p>In der Zeit der Unmenschlichkeit verteidigt Graf von Galen unter dem Einsatz seines Lebens die menschliche W\u00fcrde und zugleich die staatsb\u00fcrgerlichen Freiheitsrechte.<\/p>\n<p>So steht der Name der Schule f\u00fcr den Anspruch auf eine Erziehung zur Solidarit\u00e4t, gegen Ausgrenzung von Minderheiten, f\u00fcr Gewaltfreiheit und f\u00fcr den Willen, Kinder zu demokratischem Denken und Handeln, zu Respekt vor der W\u00fcrde des Menschen und zur Toleranz zu erziehen.<\/p>\n<p>Die Kardinal-von-Galen-Schule setzt sich als Ziel, diesen Anspruch zu erf\u00fcllen.<\/p>\n<p><a href=\"http:\/\/kvg-dorsten.de\/wp2\/wp-content\/uploads\/2015\/06\/index21.jpg\"><img loading=\"lazy\" decoding=\"async\" class=\"size-full wp-image-411 alignleft\" src=\"http:\/\/kvg-dorsten.de\/wp2\/wp-content\/uploads\/2015\/06\/index21.jpg\" alt=\"index21\" width=\"150\" height=\"117\" \/><\/a><\/p>\n<p>Der L\u00f6we taucht auch in unserem Schullogo auf: Kinder sollen bei uns dazu erzogen werden, selbstbewusst und stark f\u00fcr die Gemeinschaft einzutreten. Mit dem j\u00e4hrlichen Kardinal-von-Galen-Tag erinnern wir an unseren Namensgeber; die jeweilige 3. Klasse besucht das Grab im Paulusdom zu M\u00fcnster.<\/p>\n<figure id=\"attachment_349\" aria-describedby=\"caption-attachment-349\" style=\"width: 1067px\" class=\"wp-caption aligncenter\"><a href=\"http:\/\/kvg-dorsten.de\/wp2\/wp-content\/uploads\/2015\/09\/x2015-09-14_09-30-20-151.jpg\"><img loading=\"lazy\" decoding=\"async\" class=\"wp-image-349 size-full\" src=\"http:\/\/kvg-dorsten.de\/wp2\/wp-content\/uploads\/2015\/09\/x2015-09-14_09-30-20-151.jpg\" alt=\"x2015-09-14_09-30-20 15\" width=\"1067\" height=\"1600\" srcset=\"https:\/\/kvg-dorsten.de\/wp2\/wp-content\/uploads\/2015\/09\/x2015-09-14_09-30-20-151.jpg 1067w, https:\/\/kvg-dorsten.de\/wp2\/wp-content\/uploads\/2015\/09\/x2015-09-14_09-30-20-151-200x300.jpg 200w, https:\/\/kvg-dorsten.de\/wp2\/wp-content\/uploads\/2015\/09\/x2015-09-14_09-30-20-151-683x1024.jpg 683w\" sizes=\"auto, (max-width: 1067px) 100vw, 1067px\" \/><\/a><figcaption id=\"caption-attachment-349\" class=\"wp-caption-text\">Am Grab des Kardinals<\/figcaption><\/figure>\n<p>&nbsp;<\/p>\n","protected":false},"excerpt":{"rendered":"<p>Unser Namensgeber: Kardinal von Galen Clemens August Graf von Galen &nbsp; Am 16. M\u00e4rz 1878 wird Clemens August Graf von Galen auf der Burg Dinklage im heutigen Oldenburg geboren. Nach Gymnasialzeit und Studium wird er 1904 zum Priester geweiht und 1933 zum Bischof von M\u00fcnster ernannt. Als Wappenspruch und Leitfaden seines bisch\u00f6flichen Wirkens w\u00e4hlt er &hellip; <a href=\"https:\/\/kvg-dorsten.de\/?page_id=39\" class=\"more-link\"><span class=\"screen-reader-text\">Unser Namensgeber<\/span> weiterlesen <span class=\"meta-nav\">&rarr;<\/span><\/a><\/p>\n","protected":false},"author":1,"featured_media":0,"parent":35,"menu_order":30,"comment_status":"open","ping_status":"open","template":"","meta":{"footnotes":""},"class_list":["post-39","page","type-page","status-publish","hentry"],"_links":{"self":[{"href":"https:\/\/kvg-dorsten.de\/index.php?rest_route=\/wp\/v2\/pages\/39","targetHints":{"allow":["GET"]}}],"collection":[{"href":"https:\/\/kvg-dorsten.de\/index.php?rest_route=\/wp\/v2\/pages"}],"about":[{"href":"https:\/\/kvg-dorsten.de\/index.php?rest_route=\/wp\/v2\/types\/page"}],"author":[{"embeddable":true,"href":"https:\/\/kvg-dorsten.de\/index.php?rest_route=\/wp\/v2\/users\/1"}],"replies":[{"embeddable":true,"href":"https:\/\/kvg-dorsten.de\/index.php?rest_route=%2Fwp%2Fv2%2Fcomments&post=39"}],"version-history":[{"count":7,"href":"https:\/\/kvg-dorsten.de\/index.php?rest_route=\/wp\/v2\/pages\/39\/revisions"}],"predecessor-version":[{"id":416,"href":"https:\/\/kvg-dorsten.de\/index.php?rest_route=\/wp\/v2\/pages\/39\/revisions\/416"}],"up":[{"embeddable":true,"href":"https:\/\/kvg-dorsten.de\/index.php?rest_route=\/wp\/v2\/pages\/35"}],"wp:attachment":[{"href":"https:\/\/kvg-dorsten.de\/index.php?rest_route=%2Fwp%2Fv2%2Fmedia&parent=39"}],"curies":[{"name":"wp","href":"https:\/\/api.w.org\/{rel}","templated":true}]}}